et f(u) = 2*u**3 - 8*u**2 + 2*u + 7. Calculate f(3).
-5
Let a(g) = -4*g + 118. Give a(30).
-2
Let r(h) = 37*h - 1. What is r(2)?
73
Let g(p) = 3*p - 46. Determine g(9).
-19
Let q(k) = -k**2 - 2*k + 17. Calculate q(6).
-31
Let r(a) = -a**2 - a. Calculate r(-1).
0
Let g(m) = -m**3 - 6*m**2 + 8*m - 5. Calculate g(-6).
-53
Let b(r) = -5*r + 20. Give b(11).
-35
Let c(r) = -r**3 - 2*r**2 - r - 3. Calculate c(-3).
9
Let d(v) = 33*v. Determine d(-1).
-33
Let m(w) = 9*w - 10. Give m(7).
53
Let x(z) = -z**3 - 8*z**2 - 16*z - 27. Determine x(-7).
36
Let x(d) = 2*d + 49. Determine x(-22).
5
Let w(g) = -g**3 + 16*g**2 - 71*g + 36. Calculate w(8).
-20
Let o(y) = -y**2 - 12*y - 26. Calculate o(-10).
-6
Let q(g) = g - 1. Determine q(-7).
-8
Let h(s) = -5*s + 174. Give h(30).
24
Let b(a) = -a**2 + 8*a - 36. Calculate b(5).
-21
Let t(s) = -s**3 - 11*s**2 - 2*s - 27. What is t(-12)?
141
Let h(b) = -b**3 - 6*b**2 - 6*b - 2. Give h(-5).
3
Let z(t) = -6*t. Calculate z(-1).
6
Let k(d) = -d**2 - 4*d - 5. Calculate k(-5).
-10
Let t(f) = f**2 - 6*f - 1. What is t(8)?
15
Let h(d) = 100*d + 95. Determine h(-1).
-5
Let h(n) = n**2 - 7*n + 7. What is h(4)?
-5
Let u(j) = -3*j + 14. Give u(5).
-1
Let a(q) = -q**2 - 9*q - 5. What is a(-3)?
13
Let b(l) = l**3 + 8*l**2 + 5*l + 14. Calculate b(-7).
28
Let r(u) = -7*u + 2. Calculate r(-5).
37
Let c(l) = -2*l**2 - 17*l - 2. Give c(-8).
6
Let o(d) = d**2 + 5*d + 15. What is o(-7)?
29
Let x(z) = -32*z + 254. What is x(8)?
-2
Let a(j) = -j**3 - 6*j**2 - 7. Give a(-5).
-32
Let q(d) = d - 2. What is q(-6)?
-8
Let v(w) = -w**3 + 11*w**2 - 10*w + 14. Give v(10).
14
Let d(u) = -6*u + 5. What is d(-3)?
23
Let z(m) = -14*m - 226. Give z(-16).
-2
Let w(j) = -j**3 - 11*j**2 - 10*j - 14. Calculate w(-10).
-14
Let q(k) = -4*k + 18. Determine q(7).
-10
Let j(b) = b**2 + b - 80. Calculate j(-9).
-8
Let q(f) = f**3 + 3*f**2 - 2. Determine q(-3).
-2
Let s(f) = f**2 + 5*f + 11. Give s(-5).
11
Let g(z) = z + 2. Give g(9).
11
Let f(m) = 6*m + 3. Give f(-2).
-9
Let p(x) = x**3 + 7*x**2 + 4*x + 11. What is p(-8)?
-85
Let g(l) = 9*l - 64. What is g(4)?
-28
Let d(l) = 3*l**2 - 15*l - 5. What is d(7)?
37
Let s(h) = h**3 + 2*h**2 - h - 4. What is s(-4)?
-32
Let s(l) = -l**3 - 5*l**2 + 3*l + 17. Calculate s(-4).
-11
Let u(b) = 8*b + 3. What is u(4)?
35
Let q(g) = 2*g + 39. Determine q(4).
47
Let u(b) = -13*b - 9. Determine u(-2).
17
Let g(y) = y**3 - 8*y**2 - 3*y - 18. Determine g(9).
36
Let y(g) = -10*g - 47. Calculate y(-5).
3
Let l(h) = 10*h**3 + 3*h**2 + 2*h + 1. Determine l(-2).
-71
Let a(b) = 40*b**2 + 5*b - 11. Give a(2).
159
Let x(f) = -f**3 - 13*f**2 - 23*f - 21. Give x(-11).
-10
Let o(f) = -14*f - 27. What is o(6)?
-111
Let d(u) = -u**3 + 6*u**2 - u - 7. Give d(5).
13
Let u(r) = 9*r - 40. Determine u(2).
-22
Let c(z) = -z**3 - 11*z**2 - 18*z - 1. Give c(-9).
-1
Let w(d) = 5*d**2 - 11*d - 43. What is w(4)?
-7
Let n(p) = p**3 - 17*p**2 + 41*p + 9. What is n(14)?
-5
Let r(t) = t**2 - 5*t - 165. Determine r(15).
-15
Let o(p) = p**3 + 9*p**2 - 22*p + 33. Calculate o(-11).
33
Let w(y) = -y**3 - 11*y**2 - 9*y - 9. What is w(-10)?
-19
Let d(k) = -k - 35. What is d(8)?
-43
Let w(t) = -6*t + 116. What is w(16)?
20
Let o(u) = -7*u**3 + u**2 - 1. Give o(1).
-7
Let b(c) = c**3 - c**2 + c + 26. Determine b(0).
26
Let j(y) = y**3 - y**2 + 2*y + 4. What is j(3)?
28
Let a(j) = 3*j**2 + 21*j + 1. Determine a(-7).
1
Let a(o) = o - 16. Calculate a(8).
-8
Let y(z) = -19*z + 119. Give y(6).
5
Let z(j) = -7*j**2 + 4*j + 3. Give z(-2).
-33
Let q(k) = 3*k + 3. Give q(5).
18
Let x(f) = f**3 + 17*f**2 + 31*f + 15. Give x(-15).
0
Let x(j) = 3*j + 131. Give x(-42).
5
Let v(b) = b**2 + 4*b - 1. What is v(-4)?
-1
Let m(p) = p**2 + 23*p - 4. Give m(-23).
-4
Let n(g) = g**2 + 2*g - 5. Determine n(6).
43
Let f(s) = -4*s - 41. What is f(-12)?
7
Let p(t) = t**3 - 11*t**2 + 6*t + 4. Determine p(10).
-36
Let p(n) = -13*n - 287. Calculate p(-22).
-1
Let z(i) = 20*i + 21. What is z(-5)?
-79
Let j(d) = d**2 - 2*d - 1. Calculate j(15).
194
Let j(k) = -2*k**2 - 2. Determine j(4).
-34
Let n(h) = h**3 - 5*h**2 + 7*h + 9. Give n(5).
44
Let i(o) = -o**3 - 3*o**2 - 6*o. Give i(-4).
40
Let d(t) = -2*t**2 + 15*t - 3. Calculate d(7).
4
Let n(t) = -t**3 + 7*t**2 + t + 2. Calculate n(7).
9
Let i(s) = 26*s - 1. Calculate i(-2).
-53
Let c(v) = -37*v - 9. What is c(-2)?
65
Let k(p) = 12*p - 4. What is k(-4)?
-52
Let r(y) = y**3 + 5*y**2 + 2*y - 2. What is r(-6)?
-50
Let i(y) = -6*y - 24. What is i(-6)?
12
Let n(j) = -6*j**3 - j**2 + j + 2. Calculate n(-1).
6
Let q(b) = -b**3 - 4*b**2 - 5*b - 3. Give q(-4).
17
Let z(s) = 9*s + 68. Give z(-7).
5
Let h(k) = -3*k**2 + 28*k - 9. Determine h(9).
0
Let w(y) = y + 9. Give w(-5).
4
Let a(f) = 10*f**3 + 3*f**2 + f - 4. What is a(2)?
90
Let x(t) = t**3 + t**2 - 16*t + 17. Calculate x(2).
-3
Let d(i) = -20*i + 92. What is d(4)?
12
Let p(a) = a**2 - 27*a + 9. Calculate p(12).
-171
Let j(s) = -2*s - 9. Give j(-13).
17
Let r(v) = -3*v**3 + 21*v**2 - 20*v + 6. Give r(6).
-6
Let v(h) = 9*h - 70. What is v(8)?
2
Let r(q) = -q**3 - 7*q**2 + 4*q - 11. What is r(-8)?
21
Let d(n) = -n**3 - 12*n**2 - 18*n + 16. What is d(-10)?
-4
Let f(m) = -8*m - 3. Calculate f(2).
-19
Let i(m) = -m**3 - 5*m**2 + 7*m + 9. What is i(-6)?
3
Let i(y) = -y**2 - 10*y - 1. What is i(-10)?
-1
Let h(v) = v**3 - 8*v**2 + 15*v + 3. Calculate h(5).
3
Let y(k) = 3*k**2 - k - 2. Calculate y(-2).
12
Let v(x) = -3*x - 73. Calculate v(-24).
-1
Let s(i) = i**2 + 9*i + 9. Determine s(-6).
-9
Let i(h) = h + 1. Calculate i(2).
3
Let o(m) = -m**2 + 9*m - 6. Calculate o(5).
14
Let y(m) = m**2 - 5*m + 3. Calculate y(4).
-1
Let z(d) = -d**3 + 3*d + 20. Give z(0).
20
Let s(n) = -n**3 + 11*n**2 - 10*n - 3. Give s(10).
-3
Let p(m) = m**3 - 50*m**2 - 50*m - 50. What is p(51)?
1
Let f(x) = x**3 + 7*x**2 + 8*x - 1. What is f(-5)?
9
Let x(w) = -24*w + 56. Give x(2).
8
Let b(g) = 2*g**2 - 3*g + 3. What is b(5)?
38
Let g(j) = -j**3 + 11*j**2 + 33*j - 73. Determine g(13).
18
Let u(y) = -y**3 + 10*y**2 - 18*y + 32. Calculate u(6).
68
Let j(f) = -15*f - 115. What is j(-7)?
-10
Let y(d) = 2*d**2 - 28*d + 7. What is y(14)?
7
Let a(c) = -c**2 - 9*c - 20. Determine a(-8).
-12
Let u(m) = -m**2 + 7*m + 7. Determine u(6).
13
Let z(i) = i**2 - 14*i + 52. Determine z(10).
12
Let v(u) = u**3 + 12*u**2 + 21*u + 14. Give v(-10).
4
Let b(s) = -7*s**2 + 2*s + 1. Determine b(-1).
-8
Let q(j) = -2*j**3 - 24*j**2 + 12*j + 30. Calculate q(-12).
-114
Let x(c) = c**3 + 18*c**2 + 13*c - 33. Calculate x(-17).
35
Let t(v) = v + 1. Determine t(4).
5
Let k(b) = -17*b**2 - 5. Give k(0).
-5
Let w(m) = m**2 + 10*m - 60. Determine w(-15).
15
Let r(y) = -y**3 + 20*y**2 + 22*y - 19. Calculate r(21).
2
Let x(s) = 3*s**2 + 7*s + 5. Determine x(-2).
3
Let q(p) = 29*p + 6. Give q(2).
64
Let w(k) = -k**2 - 11*k + 19. Calculate w(-13).
-7
Let x(w) = w**2 + 10*w + 24. Give x(-5).
-1
Let z(x) = -x**3 + 24*x**2 + 22*x + 75. What is z(25)?
0
Let f(r) = -r**3 + 3*r**2 + 6*r - 5. Give f(5).
-25
Let p(k) = -2*k - 6. What is p(-5)?
4
Let f(t) = t - 7. What is f(-4)?
-11
Let a(b) = -12*b + 402. Determine a(34).
-6
Let m(g) = -g**2 + 7. Calculate m(4).
-9
Let l(f) = -23*f + 1. Determine l(-1).
24
Let p(w) = 81*w + 3. Give p(0).
3
Let o(n) = 2*n**3 + 3*n**2 - 2. Calculate o(2).
26
Let i(s) = -s**3 + 8*s**2 + 12*s - 13. Give i(9).
14
Let d(n) = -n**2 - 2*n - 2. What is d(-3)?
-5
Let r(o) = o**3 - 8*o**2 - 9*o + 3. What is r(9)?
3
Let r(g) = g**2 + 7*g + 5. Give r(0).
5
Let x(g) = -12*g + 48. What is x(7)?
-36
Let p(o) = -o**2 + 64*o - 290. Give p(59).
5
Let r(j) = -4*j**2 + 2*j - 1. Give r(2).
-13
Let u(l) = l**3 - l**2 + 3*l - 6. Determine u(2).
4
Let s(q) = -10*q - 137. Calculate s(-11).
-27
Let f(s) = 2*s + 18. Calculate f(-5).
8
Let y(s) = s**3 - 4*s**2 + s - 1. Give y(5).
29
Let d(h) = -9*h**2 + h. Calculate d(1).
-8
Let x(s) = 4*s + 77. What is x(-19)?
1
Let r(k) = 7*k + 9. Calculate r(7).
58
Let x(a) = -a**2 - 13*a + 30. Give x(3).
-18
Let s(f) = f**2 - 7*f - 74. Determine s(12).
-14
Let o(f) = -f**2 + 15*f + 16. Determine o(15).
16
Let q(b) = -b - 1. Calculate q(-9).
8
Let a(k) = -2*k**2 - 4*k - 11. What is a(-6)?
-59
Let o(m) = m**3 - 2*m**2 - 8*m + 3. Determine o(5).
38
Let q(g) = g**3 - 9*g**2 + 16*g + 1. Calculate q(7).
15
Let z(t) = -t**2 + 8*t - 9. Calcula